-4).
4
Suppose 3*v - 24 = -4*w + 3*w, 3*w - 32 = -4*v. Let k(h) = -h**2 + 11*h - 7. Calculate the remainder when k(v) is divided by 6.
5
Let j(x) = x**2 - 3*x - 2. Let s be j(4). Suppose -5*g = 3*u - s, 5*u - 2*u - g = 14. What is the remainder when 15 is divided by u?
3
Suppose -9*o + 491 = 149. What is the remainder when o is divided by (1 + 6/(-4))*-20?
8
Suppose d + 2 = -c, d + 2 = 5*c + 3*d. Suppose c*q = -q + 15. What is the remainder when 14 is divided by q?
4
What is the remainder when (-22*2)/(10 + -12) is divided by 5?
2
Let n = 8 - 15. Let l(i) = i + 16. Calculate the remainder when l(n) is divided by 5.
4
Let y(t) be the first derivative of -t**3/3 - t**2/2 + 2*t - 1. Let b be y(-2). What is the remainder when 17 is divided by 2*9/2 + b?
8
Suppose 2*f + 14 = d - 2*d, -3*d - f = 22. Let b(z) = z**3 + 7*z**2 + 5*z - 1. What is the remainder when 13 is divided by b(d)?
3
Let j = 144 + -130. Calculate the remainder when 264 is divided by j.
12
Suppose -d - x - 2*x = -50, 0 = 3*x. Let a(v) = 16*v**2 + 4*v - 3. What is the remainder when d is divided by a(1)?
16
Calculate the remainder when (-3)/(4/((-448)/12)) is divided by 10.
8
Let s = -46 - -130. Suppose 86 = 5*p + 2*l, 8*p - 3*p + 3*l - s = 0. Let q(m) = 7*m**2 - 5*m + 4. What is the remainder when q(3) is divided by p?
16
Suppose -323 = -2*v + 113. What is the remainder when v is divided by 44?
42
Let g = 61 - 5. What is the remainder when g is divided by 2/(8/(-300)*-5)?
11
Let t(u) = -u**2 + 10*u + 6. Let b(i) = -i**3 - 8*i**2 - 5*i - 3. Let j be b(-3). Let m = -23 - j. What is the remainder when m is divided by t(10)?
4
Suppose 4*h - 398 = -2*q, -h = -0*q + q - 99. What is the remainder when h is divided by 34?
32
Suppose 0 = j - 2*y - 25, -5*y + 0*y - 54 = -2*j. What is the remainder when 31 is divided by j?
14
Let k be (11 - 11)*2/(-4). Suppose k = x + x - 2. What is the remainder when 2 is divided by x?
0
Let c(f) = -7*f - 9. Calculate the remainder when c(-6) is divided by 12.
9
Suppose 161 + 126 = 7*f. Calculate the remainder when f is divided by 23.
18
Let g(q) = q**2 - 3*q. Let d be g(3). Suppose -3*n + 3*y + 78 = 0, d*n - 4*n = 3*y - 132. Calculate the remainder when n is divided by 16.
14
Suppose 22 = 2*w - 0*w. Let p be 0 + 4 - 2*1. Calculate the remainder when w is divided by (2 - (p + 0)) + 4.
3
Suppose 4*x = x, -3*u + 15 = -5*x. Suppose -4*q - 2*d = q - 103, 0 = -5*d - u. Calculate the remainder when 81 is divided by q.
18
Suppose 4*y = 3*y + 15. What is the remainder when y is divided by 6?
3
Let c(y) = y**2 - 7*y - 5. Calculate the remainder when c(8) is divided by 3.
0
Suppose 0*j = -4*j + 80. Suppose -4*d + j = 4. Calculate the remainder when 11 is divided by d.
3
Suppose 0 = -6*a + 2*a - 120. Let j = a + 58. Let k(d) = -2*d**3 - 2*d**2 - 2*d - 2. Calculate the remainder when j is divided by k(-2).
8
Let x = 3 + 0. Suppose x*i - 9 = 3. Suppose -5*g + y - 57 = -248, -i*y + 148 = 4*g. What is the remainder when g is divided by 13?
12
Suppose 2*u + 5*k = -0*u + 92, -2*u + 5*k + 92 = 0. Let w = 9 - -7. Calculate the remainder when u is divided by w.
14
Let c(u) = u**3 + 12*u**2 + 6*u - 9. Let l = -5 - 6. Calculate the remainder when c(l) is divided by 12.
10
Let h(i) = -i**2 - 9*i - 5. Calculate the remainder when 88 is divided by h(-4).
13
Let r = -23 - -26. Calculate the remainder when r is divided by 3.
0
Suppose a = 13 - 5. Suppose a = u - 3*u. Let r(z) = -5*z + 1. Calculate the remainder when 62 is divided by r(u).
20
Let l(a) = -a**2 + a + 4. Let x(s) = s**3 - 5*s**2 + 5*s - 4. Let z be x(4). What is the remainder when 6 is divided by l(z)?
2
Let v(d) = 2*d**2 - 3*d - 3. Calculate the remainder when 204 is divided by v(-4).
40
Suppose 10 = p + u, 3*u = 1 - 4. Let a = -37 - -68. What is the remainder when a is divided by p?
9
Let b(v) = -v**3 - v**2 - v + 6. Suppose 5*o = 5*u - 70, -14 = -2*u + 4*o + 12. Let z = u + 2. What is the remainder when z is divided by b(0)?
5
Let l(m) = -m + 6. Let c = 15 + -4. Calculate the remainder when c is divided by l(0).
5
Suppose 0 = 3*g + 12, -s = -0*s - 5*g - 31. Let l(x) = x**2 - x + 20. What is the remainder when l(0) is divided by s?
9
Let h(a) = -a**3 + 20*a**2 + 49*a - 4. Calculate the remainder when h(22) is divided by 6.
4
Let p = -7 - -17. What is the remainder when 62 is divided by (4/p)/((-4)/(-160))?
14
Let b(w) = 26*w**2 + 2*w + 3. What is the remainder when b(-2) is divided by 35?
33
Suppose h - 38 = -0*h. Let k(j) = 2*j**3 - 2*j**2 + 2. Suppose 4 = 2*a - 0. What is the remainder when h is divided by k(a)?
8
Let a(h) = 0*h**2 + 3*h**2 + 0*h**2. Suppose -i + 42 = 2*i. What is the remainder when a(3) is divided by i?
13
Let f(g) = g - 1. Suppose 0*z + 4*m + 49 = 3*z, -z + m + 18 = 0. Calculate the remainder when z is divided by f(7).
5
Suppose 0 = l - 3, -4*l + 2 = -s - s. Suppose -u = 4*b + 31, s*u - 14 = 4*b - 1. Let n(t) = t**2 + 5*t - 8. What is the remainder when n(b) is divided by 4?
2
Let c be (54/15)/((-6)/20). Let t be 386/12 - (-2)/c. Suppose -4*g + t = h, -h - g = -5*h + 43. Calculate the remainder when h is divided by 7.
5
Suppose -3*f = -2*k - 2*k + 79, 4*k - 84 = 4*f. Suppose -v - 4 + k = 0. What is the remainder when 47 is divided by v?
11
Let i be 1*-2 - (2 + -3). Suppose 0 = p - 3*y + y - 41, -2*y + 131 = 3*p. Calculate the remainder when p is divided by (2*i)/(2/(-15)).
13
Let u = -12 + 7. Let f = u + 16. What is the remainder when -4*(-8)/((-2)/(-2)) is divided by f?
10
Let a(t) = -t**3 + 15*t**2 + 16*t + 16. Let f(h) = h - 1. Let k be f(6). Suppose 0 = 2*c - k*c + 27. What is the remainder when a(16) is divided by c?
7
Suppose -255 = -5*r - 0*r. Calculate the remainder when r is divided by 9.
6
Let l(k) = -k**3 + 6*k**2 + 5*k - 8. Suppose 0 = -n + 5*q + 32, 5*n - 5*q = -0*q + 80. What is the remainder when l(6) is divided by n?
10
Let f = 39 + 8. What is the remainder when f is divided by 17?
13
Suppose -5*y = -24 - 26. Suppose -7*t = -11*t + 48. What is the remainder when y is divided by t*(-2 + (-21)/(-9))?
2
What is the remainder when 163 is divided by (0 + 1)/(-2*(-5)/410)?
40
Let r(m) = 3*m**3 - 4*m**2 + 4*m - 2. Let b be r(2). Let y = 1 + b. Calculate the remainder when 44 is divided by y.
14
Let u = 71 + 103. Suppose 5*x = 2*x + u. Suppose 2*a = 6*a + 4*f - 48, -4*a - 2*f = -x. Calculate the remainder when 49 is divided by a.
15
What is the remainder when 35 is divided by 117/12*12/9?
9
Calculate the remainder when 12 is divided by (-4 + 8)/2 + 6.
4
Calculate the remainder when 142 is divided by (5 + 11/(-3))*36.
46
Suppose g + 66 = 3*g. What is the remainder when g is divided by 17?
16
Suppose -5*s + 10 = 5*y, -2*s + 5*s = 4*y + 20. Suppose -g = 5*o - 39, 0 = 2*o - 2*g - s - 2. Calculate the remainder when o is divided by 2/2 - (-4 - -2).
1
Suppose 2*t + 173 = 5*t + p, 4*t + 2*p - 230 = 0. Calculate the remainder when t is divided by 20.
18
Suppose 56 = 2*i + 2*h, -2*i + 2*h + 23 + 37 = 0. Let x(j) = -j**3 - 2*j**2 + j + 4. What is the remainder when i is divided by x(-3)?
9
Let z(c) = -c**3 - 3*c**2 - 5*c - 12. Let f be z(-5). Calculate the remainder when 7263/f - 2/7 is divided by 29.
28
Let p = 3 - -23. Let g = -13 + p. What is the remainder when 49 is divided by g?
10
Let g be (-6 - -2)/((-1)/2). Let u(d) = -d + 8. Let x be u(g). Calculate the remainder when x - (-2 + 51/(-3)) is divided by 10.
9
Suppose w = -5*c + 7 + 2, -4*c - 18 = -2*w. Calculate the remainder when w is divided by 5.
4
Suppose h = -0*h + 4. Suppose o - 1 = 11. Suppose -h*v + o = -0*v. Calculate the remainder when 7 is divided by v.
1
Suppose 0 = -5*r + 7*r - 204. Calculate the remainder when r is divided by 21.
18
Let t(s) = -10*s**2 + s - 3. Let r be t(2). Let i = 88 + r. Let f(j) = -j + 16. What is the remainder when i is divided by f(0)?
15
Let s(g) = -g**3 + 0*g**3 + g + 2*g**2 - g. Let p be s(1). What is the remainder when 44 is divided by p/3*(0 - -69)?
21
Suppose -w - 5*n = -4, -n = 2*w + 3*n - 2. What is the remainder when 74 - (w - (2 - 3)) is divided by 19?
17
Let d = -17 - -47. Suppose 6*s - d = s. Calculate the remainder when s is divided by 3.
0
Let a = -62 - -141. What is the remainder when a is divided by 20?
19
Let k(y) = -y**2 - 5*y + 1. Let p be k(-4). Suppose -1 = -3*g + p. Suppose 4*o - 6